(-7) + 32/j.
1
Suppose -2*y = 4*k - 34, -3*k + 31 = -y + 3*k. Calculate the remainder when 27 is divided by y.
2
Suppose 5*m - 3*k + 1 = 11, -2*m + 3*k = -13. Let r be m/2*0 + 7*7. Suppose -6*z - 13 = -r. Calculate the remainder when 71 is divided by z.
5
Calculate the remainder when 13/((-169)/(-3133)) + -17 is divided by 34.
20
Suppose 9 - 99 = -9*q. Suppose 3*v - 22 = -4*d, -d = 3*v - 2*d - 17. Calculate the remainder when 5*((-72)/(-33) - q/55) is divided by v.
4
Let z = 17 + -27. Let k be (-16)/z + -2 - (-2)/5. Suppose 5*w + 174 = 4*x, -w - 136 = -3*x - k*w. What is the remainder when x is divided by 26?
20
What is the remainder when (2*105/(-126))/((-10)/3228) is divided by 264?
10
Suppose 96 = -4*k - 2*g, -9*k + 58 = -12*k + 2*g. What is the remainder when (-12)/(11/44*12/k) is divided by 26?
10
Suppose 3*n - 2138 = 22*j - 20*j, n = 3*j + 701. What is the remainder when n is divided by 2?
0
Suppose 40*d + 77*d - 50*d - 45091 = 0. What is the remainder when d is divided by 55?
13
Let w be (-62)/((-144)/68 - (-3 - -1)). Let a = -347 + w. Calculate the remainder when a is divided by 26.
24
Suppose -6*d - 15 - 63 = 0. What is the remainder when -1 - (5 + d) - -522 is divided by 76?
73
Let h(i) = i + 7*i - 2*i - 2 + 0. Suppose 1305*l - 2593*l - 6422 = -1326*l. What is the remainder when l is divided by h(6)?
33
Let y = 98 + -96. Suppose 6*z - n = 8*z - 450, 4*z = y*n + 900. What is the remainder when z is divided by 19?
16
Suppose 4*m + 20 + 20 = 3*x, 0 = -5*x - m + 59. Let b = 30 - x. Calculate the remainder when 0 + 0 - (-66)/2 is divided by b.
15
Suppose 8*n - 80 = -2*a + 7*n, -4*a + 3*n + 180 = 0. What is the remainder when a is divided by 32?
10
Suppose -2*r - 24 = -d - 0*r, -5*d + 2*r + 88 = 0. Let q = -23 + d. Let v(z) = -2*z**3 - 14*z**2 - 4*z + 5. Calculate the remainder when 96 is divided by v(q).
30
What is the remainder when (-3628)/6*33/88*-4 is divided by 27?
16
Let g(q) = 2*q**2 + 36*q + 29. Let z be g(-17). Let m = z - -6. Calculate the remainder when 12 is divided by m.
0
Let g = -6504 - -4356. What is the remainder when (-42)/(-56) - g/16 is divided by 25?
10
Calculate the remainder when 291 is divided by (-690)/184*(-52)/3.
31
Suppose 0 = -5*y + 15*y - 80. Let v be ((-28)/y)/((-5)/10). Suppose -v*o - 3 = -10. What is the remainder when 1 is divided by o?
0
Let o(t) = -48*t**3 + 2*t**2 - 5*t - 3. Suppose 0 = q + 5*u - 3*u + 8, q = 2*u + 4. Calculate the remainder when o(q) is divided by 80.
79
Let b(g) be the first derivative of -g**4/4 - 11*g**3/3 + g**2/2 + 13*g - 18. Let s be b(-11). Calculate the remainder when -2 - (s - 6) - -62 is divided by 22.
20
Let q = -158 + 193. Suppose 5*y = -5*z + q, 2*y + 4*z + 11 = 15. Calculate the remainder when 127 is divided by y.
7
Let j = 181 + -179. Suppose 5*n - 173 = -3*m - 22, j*m - 154 = -5*n. What is the remainder when n is divided by 5?
2
Suppose -4*h = -7 - 5. Calculate the remainder when -35*(504/105 - 5) is divided by h.
1
Calculate the remainder when ((-276)/(-10))/((-9)/((-7920)/(-64)))*-10 is divided by 19.
14
Let b be (6 - 144/15)/(3/(-50)). What is the remainder when 56 is divided by (b/(-28)*-2)/((-2)/(-14))?
26
Let l be (13/(-26) - 119/(-10))*25. Let i = -210 + l. What is the remainder when i is divided by 42?
33
Suppose -p + 752 - 2150 = -3*y, -3*p + 466 = y. Calculate the remainder when y is divided by 229.
8
Let t(j) = 2*j**3 + 106*j**2 - 338*j + 172. What is the remainder when t(-56) is divided by 14?
4
Suppose c + 2 - 45 = -2*d, -4*c + 3*d = -117. Let t = 131 - 77. What is the remainder when t is divided by -3 - 31/(-11) - (-369)/c?
10
Suppose -2*j = j - 141. Suppose 6*i - 8*i - 13 = -5*g, 2*i - 7 = g. Calculate the remainder when j is divided by i.
5
Let b(u) = -13*u**3 - 4*u**2 + 58*u + 115. Calculate the remainder when b(-2) is divided by 5.
2
Let a = -76 + 14. Let t = -16 - a. Calculate the remainder when -135*(-4 + 0 - -3) is divided by t.
43
Let d(t) = -100*t - 74. Calculate the remainder when 194 is divided by d(-1).
12
Calculate the remainder when 10/(-15) - 18/(-27) - -4975 is divided by 63.
61
Let v = -69 - -87. Suppose -17*n = 64*n - 14175. What is the remainder when n is divided by v?
13
Let s(h) = -14*h + 1. Let a be s(-4). Suppose -111 = -88*b + 91*b. Let z = a + b. Calculate the remainder when 118 is divided by z.
18
Let t(h) = 5*h**2 - 5*h + 2. Let w be ((-4)/(-6))/((-6)/63). Let r be t(w). Suppose 91*c - r = 85*c. What is the remainder when 86 is divided by c?
39
Let v = -285 + 269. Let i = -9 - v. Let s(q) = -5*q + 3. Calculate the remainder when s(-3) is divided by i.
4
Let g = 1332 + -1361. Let q(r) = -r**2 - 4*r + 8. Let j be q(-7). Let n = j - g. Calculate the remainder when 44 is divided by n.
12
Let g(z) = -8*z**3 - 2*z**2 + 4*z + 8. Let f be g(-2). Suppose -65*s = -f*s - 225. What is the remainder when s is divided by 10?
5
Let d(t) = -3*t + 113. Let j be d(18). Suppose 0 = -3*r - 4*i + 199, i - 9 = -r + j. What is the remainder when r is divided by 19?
16
Let o(v) = -v**2 + 19*v - 35. Let b(f) = -f**2 - 7*f + 6. Let g be b(-5). What is the remainder when 46 is divided by o(g)?
7
Let r(b) = 2*b**2 - 4*b + 1. Let w(k) = 3*k**3 + 3*k**2 - 44*k + 191. Calculate the remainder when w(5) is divided by r(-2).
13
Suppose 0 = -o - w + 128, -5*o - 1250 = -15*o + 5*w. Calculate the remainder when 998 is divided by o.
116
Let j = -4710 + 4730. What is the remainder when 737 is divided by j?
17
Let u(h) = h**3 + 4*h**2 - 3*h - 2. Calculate the remainder when u(5) is divided by 4/34 + (-25515)/(-595).
36
Suppose -2*d - 10 = -3*d + 2*c, -4*d - 5*c + 27 = 0. What is the remainder when d is divided by 7?
1
Let p = -10684 + 10741. Let s(f) = 30*f**2 - 4*f + 8. Calculate the remainder when s(5) is divided by p.
54
Let t be -2*93 - (2 - -2). Let k = t + 202. What is the remainder when 238 is divided by k?
10
Suppose 52*n - 259 = 45*n. Calculate the remainder when 1/(-2)*(n - 83) is divided by (-4 + 1)*(-8)/3.
7
Suppose -40*c = -35*c - 145. Let m(p) = -p**3 + 31*p**2 - 60*p + 94. What is the remainder when 105 is divided by m(c)?
33
Suppose 11*g + 823 = 9*g + 5*y, -g = 2*y + 434. Calculate the remainder when (54/36)/((-6)/g) is divided by 9.
7
Let x = -543 - -775. Calculate the remainder when 110 is divided by (7/((-28)/x))/(-2).
23
Let d(v) = 12*v**2 - 107*v + 108. Calculate the remainder when 446 is divided by d(9).
95
Suppose 5*y + 4*a + 15 = 0, a = -3*y - 3*a - 17. Suppose 194 = 3*v + 2*c - 0*c, 10 = -5*c. Calculate the remainder when v is divided by (12 - -5)/(0 + y).
15
Suppose 7*q - 26 = -3*c - 4, 4*q - 29 = -5*c. Suppose 4*w - 115 = w + 4*n, -5*n + 106 = 3*w. What is the remainder when w is divided by c?
2
Let a be (-577)/(-3) + 5/(-15). Let j(p) = p**3 + 2*p**2 - 61*p + 18. Let k be j(-9). Suppose k = 7*y - a - 11. What is the remainder when 42 is divided by y?
13
Suppose -3*l - 286 = 125. Let m = l - -153. Calculate the remainder when 110 is divided by m.
14
Suppose -57*y + 54*y = -2*v + 143, -142 = -2*v + 4*y. Let g(r) = r**2 - 2*r - 4. Let l be g(6). Let u = 39 - l. Calculate the remainder when v is divided by u.
16
Suppose -i + 0*o + 14 = 2*o, 2*o = -2*i + 22. Suppose 5*n - 7*n + i = 0. Suppose 3*c + 32 = n*c. Calculate the remainder when 63 is divided by c.
31
Suppose 0 = -228*b + 226*b + 50. What is the remainder when 364 is divided by b?
14
Let p = -2 + 35. Let w = 1038 - 1970. What is the remainder when p is divided by (-2)/(16/6) + (-17475)/w?
15
Let t = -7049 + 23536. Calculate the remainder when t is divided by 24.
23
Suppose -2*f - 175 = -6*f - 3*w, -123 = -3*f - 5*w. Suppose 6 = 8*p - 5*p. Calculate the remainder when f is divided by (p + (-2)/5)*5.
6
Let o(z) = 603*z**2 + 3*z. Let d be o(-2). Calculate the remainder when 112 is divided by (-2)/7 + (-7)/(-294)*d.
55
Suppose -3*n + 23 = -y + 1, 0 = y - 5*n + 28. Let z = -12 - y. Let s(x) = 68*x. Calculate the remainder when s(z) is divided by 14.
12
Calculate the remainder when 3 - 2/(4/(-346)) is divided by 903/15*1 + -2 + (-81)/(-45).
56
Let l be (-11583)/(-18) - (-3)/(-6). Suppose 4*w = -3*b + 1307, -3*w - 5*b + l = -w. Calculate the remainder when w is divided by 11.
10
Let z(h) = 16*h**3 - 40*h**2 + 7*h + 9. What is the remainder when z(4) is divided by (47/(-4))/((-6)/24)?
45
Su